et l be u(r). What is the greatest common divisor of 65 and l?
13
Let i be -1 - (-1 - -1 - 27). Let h = i + -2. What is the greatest common factor of 8 and h?
8
Suppose 5*g - 89 = -3*a, 3*g = 5*a + g - 107. Calculate the highest common factor of a and 161.
23
Let l(y) = 16*y**2. Let i be l(-1). Let a be (-4 + (-16)/(-5))*-5. What is the highest common factor of i and a?
4
Suppose -4*i + 0*i = -2*p - 184, 0 = 2*i - 2*p - 92. What is the highest common divisor of 46 and i?
46
Let z be 219 + (-1)/1 + 2. Suppose 4*a = -a + z. Let k = a - 5. What is the greatest common factor of 13 and k?
13
Let p(z) = -z**3 + 9*z**2 + 2*z + 6. Let s be p(9). Suppose s = -h + 3*h. Let r be ((-8)/h)/(2/(-24)). What is the highest common divisor of 64 and r?
8
Suppose 0*c - 4 = -2*c. Suppose -c*n + 10 = 3*n. Suppose 2*g + n*g = p - 28, -5*p - 3*g = -94. What is the greatest common factor of p and 80?
20
Let p(y) = -y**3 + y. Let l be p(-1). Suppose 3*r - 3 = l, 0*r + 3*r = -a + 30. Let u be 1 + 8*2 - -1. What is the highest common divisor of u and a?
9
Let v(i) = 3*i**2 - 3*i + 4*i + 9 - 11*i**2 + i**3. Let c be (-12)/5*50/(-15). Let x be v(c). Calculate the greatest common factor of x and 17.
17
Suppose -4*p - 4*j + 0*j - 48 = 0, -36 = 3*p - 2*j. Let a be (9/p)/((-1)/168). What is the highest common divisor of a and 14?
14
Let q(y) = y**3 + 6*y**2 - 7*y + 10. Let u = -16 + 9. Let m be q(u). What is the highest common factor of 1 and m?
1
Let o = -2 - -2. Let d(t) = 0*t + t + 15 + o*t - t**2. Let h be d(0). Calculate the greatest common divisor of 5 and h.
5
Let k = 1 + 9. Calculate the highest common factor of 4 and k.
2
Let d(k) = -17*k - 5. Let j = -11 + 7. Let t be d(j). Let o be 10 - 0 - 8/8. Calculate the greatest common factor of t and o.
9
Let i(j) = -5*j - 15. Let w be i(-4). Calculate the highest common factor of w and 35.
5
Suppose 2*c - 7 + 3 = 0. Let q be 0 + c*(0 - -1). Let v be q/5 - (-78)/5. What is the highest common divisor of v and 176?
16
Suppose -4*q + 0*q = 2*a - 126, 5*q = a + 175. What is the highest common divisor of q and 306?
34
Let o be 2/10 + (-88)/(-10). Suppose 4*v - 3 = o. Let u = 50 + -17. Calculate the greatest common divisor of u and v.
3
Let m(z) be the first derivative of -z**3/3 - 7*z**2/2 - 3*z + 5. Let n be m(-6). Suppose -5*s + 12 - 2 = 0. What is the greatest common divisor of n and s?
1
Let q be 1/(2/((-4)/1)). Let t be 2/4 + (-59)/q. Calculate the greatest common factor of 15 and t.
15
Let g be (-6)/3*(-21)/6. Calculate the greatest common divisor of 63 and g.
7
Suppose 0 = -8*y + 6*y - 48. Let q be 16/y*(-18)/4. What is the greatest common divisor of q and 1?
1
Let p(o) = 4*o**2 - 5*o - 7. Let k be p(7). What is the greatest common divisor of 14 and k?
14
Suppose -4 = -5*n + 11. Suppose n*l - 135 = -0*l. Suppose 0*g + 45 = 3*g. Calculate the highest common factor of l and g.
15
Let u(w) = 3*w**2 - w - 4. Let x be u(-3). Suppose 4*m - 74 = -x. Suppose -2*o + 208 = 2*l, l = 4*o - 0*l - 436. What is the highest common factor of m and o?
12
Let b = 42 - 17. Let r be (b - 2)/(2/6). What is the highest common divisor of r and 23?
23
Let o be ((-6)/4)/((-3)/12). Let n(x) = -x**2 + 6*x - 7. Let q be n(o). Let b(r) = -2*r - 5. Let m be b(q). What is the highest common divisor of m and 9?
9
Suppose 2*x = x + 8. Suppose 0 = 3*t - 5*t + 2, -5*t = o - 25. Calculate the highest common divisor of x and o.
4
Let n = -21 + 31. Suppose -4*v + 68 = -4*d, d = -0*v + 2*v - 35. Let j be v + (-6 + 3)/1. What is the greatest common factor of j and n?
5
Let g(m) = -37*m - 8. Let v be g(-2). What is the highest common factor of 12 and v?
6
Let v be 21/(-28) + (-202)/8. Let c = -16 - v. What is the highest common divisor of c and 5?
5
Suppose 120 = -12*p + 17*p. What is the highest common divisor of 48 and p?
24
Let v = 2 + -1. Let w = 3 + v. What is the highest common factor of 16 and w?
4
Let v = -29 - -79. Let t = 38 - 18. What is the greatest common divisor of v and t?
10
Let q be (-9)/(-15) + (-77)/(-5). Let d be (-3)/9 + 386/6. What is the highest common factor of q and d?
16
Suppose 139 = 5*d + 114. Calculate the greatest common divisor of 5 and d.
5
Let z(q) = 6*q - 45. Let v be z(10). What is the greatest common divisor of v and 6?
3
Suppose b = -0*b + 70. Calculate the highest common factor of b and 10.
10
Let g(l) = l**3 + 17*l**2 - 19*l + 8. Let x be g(-18). Let u = -32 + 45. Calculate the highest common factor of x and u.
13
Suppose -2*g - 2*g + c = -196, 0 = 4*c. Let p = g - 35. What is the highest common factor of 14 and p?
14
Suppose 2*k - 6 + 2 = 0. Suppose -k*x + 5*f - 11 = -71, -x - 5*f = 0. Calculate the greatest common factor of x and 4.
4
Let b(d) = 3*d**3 - 3*d**2 - 9. Let s(u) = 4*u**3 - 3*u**2 - u - 10. Let p(v) = -5*b(v) + 4*s(v). Let k be p(-4). What is the greatest common factor of 1 and k?
1
Let m be 19 + -2 + 0/(-1). Let d = -11 + 22. Let g = m + d. Calculate the highest common divisor of g and 14.
14
Let o be 4/6 + 2080/30. What is the greatest common factor of 28 and o?
14
Suppose 0*j - 432 = -8*j. Let q be 17 - (2 - 1 - 0). Suppose 5*u - 14 = q. Calculate the greatest common divisor of u and j.
6
Let p = -3 + 15. What is the highest common factor of p and 18?
6
Suppose 5*i + 2*f = 70, -i - f + 13 + 4 = 0. Let j(w) = -w**2 + 1. Let t be j(3). Let a = i + t. What is the highest common factor of 4 and a?
4
Let u = 1 + 0. Suppose -3*a = -5*o - a, -2*o + 16 = -4*a. Let y be (2 + 0)/(o/(-11)). What is the greatest common factor of u and y?
1
Let p = 13 + 15. Suppose -5*q - p = -4*g + 2, -3*g + 7 = 4*q. Suppose -g*w = -3*l - 57, l = 4*w - w - 31. Calculate the greatest common factor of 72 and w.
9
Let h(t) = -t + 8. Let s be h(6). Let m = -160 - -163. Calculate the greatest common divisor of m and s.
1
Let u = -16 + 19. What is the greatest common factor of 27 and u?
3
Let l be -718*(1*-2)/4. Suppose -2*p + 483 = 4*g - 5*p, -p = 3*g - l. Suppose -g = -z - z. Calculate the greatest common factor of 12 and z.
12
Suppose t = -4*v, 5*v + t = -0*t. Suppose -4*f + 3*f + 3 = v. Suppose 2*y + 120 = 7*y. Calculate the highest common divisor of y and f.
3
Let u = 10 - 1. What is the greatest common factor of 63 and u?
9
Suppose -2*m - 3*m = -75. Suppose 25 = 16*p - 23. What is the greatest common divisor of p and m?
3
Let p(a) = a**2 + a + 40. Suppose 2*o = 2*u, o = 2*u - 4*o. Let d be p(u). Let s = 18 + -13. What is the greatest common factor of d and s?
5
Let k = -10 - -14. Suppose j - k*j = -63. What is the highest common factor of 14 and j?
7
Suppose 5*k - 5 + 0 = 0. Let n be -2 + k + 2 + 11. What is the highest common factor of 6 and n?
6
Suppose 12 = -4*j + 64. Calculate the greatest common factor of j and 26.
13
Suppose -7 = -5*v - p + 5, -3*p = 3*v. Suppose 0 = 5*d - 2*i - 28, 2*i + i = d - v. Calculate the highest common factor of d and 15.
3
Suppose -p - 23 = y, y + 3*y + 100 = -2*p. Let i = -20 - y. Calculate the greatest common divisor of i and 21.
7
Let k(x) = x + 5. Let d be k(3). Suppose -d = 5*r + 5*v + 2, 5*r = 4*v + 35. What is the greatest common divisor of 27 and r?
3
Suppose 166 = 3*y + 2*g - 0*g, -4*g - 208 = -4*y. What is the highest common factor of y and 6?
6
Let r = 704 + 256. Let q be r/25 + (-6)/15. What is the highest common factor of 19 and q?
19
Let m(f) = 3*f**2 - 4*f. Let q(b) = -b**2 + b. Let u(o) = m(o) + 5*q(o). Let g be u(1). Let i = g + 5. Calculate the highest common divisor of i and 12.
4
Let j(z) = -2*z - 4. Let v be j(-3). Let o be 2/3 - (-88)/12. What is the highest common factor of v and o?
2
Let t(i) = 5*i**2 + 4*i + 2. Let c(x) = x**2 + 7*x + 3. Let v be c(-5). Let z = -9 - v. Let b be t(z). What is the greatest common factor of b and 2?
2
Suppose c = -0*c. Suppose -4*p + 3*n + 156 = -n, 5*p - 4*n - 194 = c. Calculate the greatest common factor of 57 and p.
19
Let f(p) = 9*p**2 + 4*p + 3. Let l be f(-3). Let i = -3 + 10. Let r = 16 - i. What is the highest common divisor of r and l?
9
Suppose -w + 2*w + 5 = 0. Let p = 8 + w. Let y be p*((-6)/(-2))/3. Calculate the highest common factor of y and 33.
3
Let v(w) = -2*w**3 - w**2 - 4*w - 3. Suppose 5*r - 3*g = r - 24, 3*g - 21 = 3*r. Let p be v(r). What is the highest common divisor of 6 and p?
6
Let u(y) = -18*y + 2. Let k be u(-1). Cal